3
What are the prime factors of 6230?
2, 5, 7, 89
What are the prime factors of 1344?
2, 3, 7
What are the prime factors of 799?
17, 47
List the prime factors of 1661.
11, 151
List the prime factors of 5763.
3, 17, 113
What are the prime factors of 568?
2, 71
List the prime factors of 19381.
19381
List the prime factors of 34266.
2, 3, 5711
What are the prime factors of 1990?
2, 5, 199
List the prime factors of 13114.
2, 79, 83
What are the prime factors of 5218?
2, 2609
List the prime factors of 179024.
2, 67, 167
List the prime factors of 19625.
5, 157
What are the prime factors of 15448?
2, 1931
What are the prime factors of 23341?
17, 1373
What are the prime factors of 880?
2, 5, 11
List the prime factors of 39195.
3, 5, 13, 67
What are the prime factors of 800?
2, 5
List the prime factors of 1724.
2, 431
What are the prime factors of 56049?
3, 7, 17, 157
What are the prime factors of 682?
2, 11, 31
List the prime factors of 22153.
22153
List the prime factors of 9444.
2, 3, 787
What are the prime factors of 2220?
2, 3, 5, 37
What are the prime factors of 5625?
3, 5
What are the prime factors of 114534?
2, 3, 7, 101
List the prime factors of 244.
2, 61
List the prime factors of 49017.
3, 16339
List the prime factors of 4352.
2, 17
List the prime factors of 8266.
2, 4133
What are the prime factors of 127?
127
What are the prime factors of 10694?
2, 5347
List the prime factors of 754.
2, 13, 29
What are the prime factors of 23612?
2, 5903
What are the prime factors of 26146?
2, 17, 769
List the prime factors of 4070.
2, 5, 11, 37
What are the prime factors of 28368?
2, 3, 197
List the prime factors of 58163.
7, 1187
What are the prime factors of 872?
2, 109
What are the prime factors of 23170?
2, 5, 7, 331
What are the prime factors of 1480?
2, 5, 37
What are the prime factors of 1873?
1873
What are the prime factors of 1163?
1163
What are the prime factors of 13065?
3, 5, 13, 67
List the prime factors of 1433.
1433
What are the prime factors of 107096?
2, 11, 1217
List the prime factors of 4675.
5, 11, 17
What are the prime factors of 18234?
2, 3, 1013
List the prime factors of 10.
2, 5
List the prime factors of 113454.
2, 3, 11, 191
What are the prime factors of 397?
397
List the prime factors of 2579.
2579
List the prime factors of 85643.
85643
What are the prime factors of 94401?
3, 17, 617
What are the prime factors of 5700?
2, 3, 5, 19
List the prime factors of 7541.
7541
List the prime factors of 3666.
2, 3, 13, 47
What are the prime factors of 22806?
2, 3, 7, 181
List the prime factors of 7473.
3, 47, 53
List the prime factors of 50903.
109, 467
What are the prime factors of 17558?
2, 8779
What are the prime factors of 12522?
2, 3, 2087
What are the prime factors of 7492?
2, 1873
List the prime factors of 332.
2, 83
List the prime factors of 549.
3, 61
List the prime factors of 6030.
2, 3, 5, 67
What are the prime factors of 48?
2, 3
What are the prime factors of 13909?
7, 1987
What are the prime factors of 9746?
2, 11, 443
What are the prime factors of 6612?
2, 3, 19, 29
List the prime factors of 6850.
2, 5, 137
List the prime factors of 1301.
1301
What are the prime factors of 16263?
3, 13, 139
What are the prime factors of 2687?
2687
List the prime factors of 70506.
2, 3, 3917
List the prime factors of 2387.
7, 11, 31
List the prime factors of 1643.
31, 53
What are the prime factors of 8758?
2, 29, 151
List the prime factors of 1460.
2, 5, 73
List the prime factors of 834.
2, 3, 139
List the prime factors of 21244.
2, 47, 113
What are the prime factors of 1079?
13, 83
List the prime factors of 1817.
23, 79
List the prime factors of 44748.
2, 3, 11, 113
What are the prime factors of 1031?
1031
List the prime factors of 32772.
2, 3, 2731
What are the prime factors of 67959?
3, 839
What are the prime factors of 9496?
2, 1187
What are the prime factors of 13156?
2, 11, 13, 23
List the prime factors of 7567.
7, 23, 47
List the prime factors of 2672.
2, 167
List the prime factors of 29211.
3, 7, 13, 107
What are the prime factors of 209?
11, 19
List the prime factors of 154.
2, 7, 11
What are the prime factors of 701?
701
What are the prime factors of 48091?
48091
List the prime factors of 260.
2, 5, 13
What are the prime factors of 129?
3, 43
What are the prime factors of 1096?
2, 137
List the prime factors of 3638.
2, 17, 107
What are the prime factors of 13623?
3, 19, 239
What are the prime factors of 58920?
2, 3, 5, 491
List the prime factors of 1674.
2, 3, 31
What are the prime factors of 395?
5, 79
List the prime factors of 65863.
7, 97
What are the prime factors of 4923?
3, 547
List the prime factors of 38538.
2, 3, 2141
List the prime factors of 788.
2, 197
What are the prime factors of 43534?
2, 21767
List the prime factors of 108990.
2, 3, 5, 7, 173
What are the prime factors of 7511?
7, 29, 37
List the prime factors of 1619.
1619
List the prime factors of 20056.
2, 23, 109
List the prime factors of 524.
2, 131
List the prime factors of 30036.
2, 3, 2503
What are the prime factors of 105903?
3, 7, 41
List the prime factors of 29926.
2, 13, 1151
List the prime factors of 55265.
5, 7, 1579
What are the prime factors of 9052?
2, 31, 73
List the prime factors of 4329.
3, 13, 37
List the prime factors of 1264.
2, 79
List the prime factors of 6042.
2, 3, 19, 53
List the prime factors of 1895.
5, 379
List the prime factors of 683.
683
List the prime factors of 13939.
53, 263
What are the prime factors of 39894?
2, 3, 61, 109
List the prime factors of 21692.
2, 11, 17, 29
List the prime factors of 2108.
2, 17, 31
What are the prime factors of 1164?
2, 3, 97
What are the prime factors of 1164?
2, 3, 97
What are the prime factors of 27857?
89, 313
What are the prime factors of 57252?
2, 3, 13, 367
What are the prime factors of 58150?
2, 5, 1163
List the prime factors of 2225.
5, 89
List the prime factors of 763.
7, 109
What are the prime factors of 773?
773
What are the prime factors of 9458?
2, 4729
List the prime factors of 8373.
3, 2791
List the prime factors of 27140.
2, 5, 23, 59
List the prime factors of 29.
29
List the prime factors of 1941.
3, 647
What are the prime factors of 1871?
1871
What are the prime factors of 114393?
3, 17, 2243
List the prime factors of 26650.
2, 5, 13, 41
List the prime factors of 136323.
3, 11, 17
What are the prime factors of 912?
2, 3, 19
What are the prime factors of 20258?
2, 7, 1447
List the prime factors of 1404.
2, 3, 13
What are the prime factors of 1990?
2, 5, 199
What are the prime factors of 49952?
2, 7, 223
What are the prime factors of 20925?
3, 5, 31
What are the prime factors of 95785?
5, 19157
List the prime factors of 775.
5, 31
What are the prime factors of 1327?
1327
List the prime factors of 1425.
3, 5, 19
List the prime factors of 153246.
2, 3, 25541
List the prime factors of 34973.
41, 853
What are the prime factors of 13458?
2, 3, 2243
What are the prime factors of 22993?
22993
What are the prime factors of 604?
2, 151
What are the prime factors of 5425?
5, 7, 31
What are the prime factors of 553?
7, 79
What are the prime factors of 3023?
3023
What are the prime factors of 2022?
2, 3, 337
List the prime factors of 31280.
2, 5, 17, 23
List the prime factors of 4622.
2, 2311
What are the prime factors of 157274?
2, 13, 23, 263
List the prime factors of 39669.
3, 7, 1889
What are the prime factors of 1833?
3, 13, 47
List the prime factors of 12485.
5, 11, 227
List the prime factors of 6960.
2, 3, 5, 29
List the prime factors of 103306.
2, 7, 47, 157
What are the prime factors of 5857?
5857
What are the prime factors of 11?
11
What are the prime factors of 53288?
2, 6661
What are the prime factors of 79678?
2, 39839
What are the prime factors of 147935?
5, 29587
List the prime factors of 126713.
126713
What are the prime factors of 18972?
2, 3, 17, 31
What are the prime factors of 62370?
2, 3, 5, 7, 11
What are the prime factors of 3965?
5, 13, 61
List the prime factors of 1499.
1499
List the prime factors of 2279.
43, 53
What are the prime factors of 6046?
2, 3023
What are the prime factors of 19784?
2, 2473
What are the prime factors of 10398?
2, 3, 1733
List the prime factors of 4118.
2, 29, 71
List the prime factors of 79952.
2, 19, 263
List the prime factors of 1778.
2, 7,